etermine h(10).
-87
Let t(d) = -11*d**3 - 6*d**2 + 144*d - 75. Calculate t(-5).
430
Let t(r) = -r**3 - 341*r**2 - 886*r + 43226. Calculate t(-338).
-38
Let i(f) = 1858*f - 1025630. Determine i(552).
-14
Let o(w) = -190*w**2 + 1358*w + 5426. Determine o(10).
6
Let b(h) = -26*h**2 + 10560*h - 1631. Determine b(406).
-7
Let q(a) = -2125*a + 6409. What is q(3)?
34
Let z(v) = 2867*v - 186392. Determine z(65).
-37
Let u(n) = 238*n**2 - 4639*n - 2439. Calculate u(20).
-19
Let d(c) = -c**3 - 101*c**2 + 70*c + 6924. Calculate d(-101).
-146
Let q(p) = -3*p**3 - 171*p**2 + 1476*p - 263. Calculate q(9).
-3017
Let r(v) = 879*v - 348949. Calculate r(397).
14
Let t(m) = 22261*m + 22216. Determine t(-1).
-45
Let j(w) = -4*w**3 + 5063*w**2 + 16492*w + 6349. What is j(1269)?
4
Let v(z) = -34*z**2 - 673*z + 2153. What is v(3)?
-172
Let a(i) = 2945*i + 662966. Give a(-225).
341
Let r(v) = -995*v + 2976. Give r(3).
-9
Let a(q) = 4*q**2 + 257*q - 945029. Determine a(455).
6
Let m(p) = -83*p**2 + 3139*p + 555. Give m(38).
-15
Let p(d) = d**3 - 26*d**2 - 763*d - 125. Calculate p(-17).
419
Let z(a) = -3*a**3 + 353*a**2 + 1440*a - 114729. Calculate z(119).
-13
Let m(r) = -3*r**3 + 410*r**2 - 1183*r - 63. Determine m(3).
-3
Let k(y) = -16*y**3 - 1768*y**2 + 884*y - 479. Calculate k(-111).
-35
Let o(n) = 8150*n - 179314. What is o(22)?
-14
Let u(d) = 9*d**2 - 977*d + 93. Calculate u(108).
-447
Let t(q) = q**3 + 15*q**2 + 88*q + 344. Calculate t(-10).
-36
Let u(j) = j**3 - 656*j**2 + 6497*j - 520. Give u(10).
-150
Let n(b) = -b**2 + 632*b + 6362. What is n(-10)?
-58
Let x(m) = -12362*m - 259609. Determine x(-21).
-7
Let n(m) = -116*m - 15240. What is n(-119)?
-1436
Let w(i) = 45*i**2 + 1649*i - 514. Give w(-37).
78
Let m(y) = 3*y**3 - 1759*y**2 - 28292*y - 1200. Determine m(602).
4
Let c(j) = -3*j**3 + 73*j**2 - 236*j - 18. Determine c(10).
1922
Let c(u) = -7093*u - 1000124. Calculate c(-141).
-11
Let q(h) = -3*h**3 + 28*h**2 - 1550*h + 15726. Calculate q(10).
26
Let a(n) = -921*n**2 - 3671*n + 51. Calculate a(-4).
-1
Let u(l) = -197*l**2 + 710*l - 709. Calculate u(1).
-196
Let o(y) = -y**2 + 1794365*y + 10766221. Determine o(-6).
-5
Let q(y) = -26*y**2 + 362*y - 1829. Give q(5).
-669
Let f(y) = -76*y + 5245. Give f(44).
1901
Let h(x) = -6074*x - 1816115. Give h(-299).
11
Let w(n) = -2*n**2 + 642*n + 2037. Determine w(324).
93
Let g(n) = -153*n + 1463. Give g(5).
698
Let i(d) = -11594*d - 533330. Calculate i(-46).
-6
Let t(z) = 166162*z - 1661625. Give t(10).
-5
Let i(j) = -106*j**3 + 12*j**2 - 91*j + 83. Determine i(1).
-102
Let d(p) = 170985*p - 1025917. Calculate d(6).
-7
Let r(i) = -i**2 + 63*i - 1068. Give r(23).
-148
Let n(b) = 18*b**2 - 1161*b + 504. What is n(64)?
-72
Let r(b) = b**3 + 20*b**2 + 105*b + 504. What is r(-14)?
210
Let u(k) = -k**2 - 1204*k - 131940. What is u(-1082)?
64
Let k(f) = f**3 + 39*f**2 + 147*f + 2022. Give k(-34).
2804
Let i(s) = -2*s**2 - 107*s - 417. Give i(-38).
761
Let w(q) = 26692*q - 1227844. What is w(46)?
-12
Let t(f) = -9*f**2 + 1412*f + 7135. Give t(-5).
-150
Let w(q) = 1598680*q - 6394721. Give w(4).
-1
Let j(u) = -163*u**2 + 1510*u - 18. Calculate j(4).
3414
Let a(m) = 61*m**2 + 3880*m - 130. Give a(-64).
1406
Let s(k) = 199*k**2 + 285*k - 47. Give s(-2).
179
Let i(a) = -118*a + 4801. Determine i(45).
-509
Let j(r) = 18428*r - 202707. Calculate j(11).
1
Let d(p) = 431*p + 5522. Give d(-15).
-943
Let m(k) = -73*k**2 - 19*k + 93. Give m(0).
93
Let t(m) = 3*m**3 - 33*m**2 + 10243*m - 112670. Determine t(11).
3
Let s(t) = -t**3 - 19*t**2 + 2357*t + 41592. Determine s(-18).
-1158
Let u(c) = 1621*c**2 + 50244*c - 216. Calculate u(-31).
1
Let f(r) = -r**2 - 116*r + 121247. Determine f(-411).
2
Let l(h) = 1020*h + 14789. Calculate l(-13).
1529
Let t(v) = 4958*v - 12766. What is t(3)?
2108
Let p(t) = 6*t**3 + 3649*t**2 + 1428*t + 498557. Calculate p(-608).
-3
Let s(v) = v**2 + 830*v - 29964. What is s(35)?
311
Let t(y) = -y**2 + 420*y - 14529. What is t(38)?
-13
Let a(q) = -q**3 - 14*q**2 - 7225*q - 93751. Determine a(-13).
5
Let j(u) = -54*u**2 + 554*u + 1920. Determine j(13).
-4
Let r(d) = -2*d**3 - 378*d**2 - 4244*d + 856. Determine r(-177).
148
Let i(o) = -o**3 - 117*o**2 - 1084*o - 21. Determine i(-107).
1477
Let k(a) = a**3 + 33*a**2 + 202*a + 427. Give k(-4).
83
Let q(h) = h**3 - 156*h**2 + 904*h - 708. What is q(150)?
-108
Let r(m) = -m**3 - 12*m**2 - 102*m - 458. Calculate r(-7).
11
Let m(l) = -3*l**2 + 1835350*l + 7341423. Give m(-4).
-25
Let m(i) = 547*i - 12683. Determine m(23).
-102
Let x(k) = -3*k**2 + 232*k - 879. Give x(55).
2806
Let m(n) = n**3 - 653*n**2 + 53889*n + 23896. What is m(556)?
-12
Let k(g) = -9*g**3 + 152*g**2 + 85*g - 110. Give k(16).
3298
Let a(l) = -6*l**2 + 164*l + 945. Calculate a(32).
49
Let k(c) = -274*c - 547. Calculate k(-2).
1
Let z(a) = 7482*a + 329267. Calculate z(-44).
59
Let m(p) = -p**3 + 125*p**2 - 2133*p + 249106. Calculate m(124).
-10
Let m(w) = 2989*w + 74532. Calculate m(-25).
-193
Let m(n) = 385*n - 1055. Calculate m(7).
1640
Let t(l) = -l**3 - 46*l**2 + 1663*l + 117. Determine t(-70).
1307
Let f(n) = -2*n**2 + 633*n - 32136. Determine f(253).
-5
Let y(z) = -7*z**2 - 278*z + 7288. What is y(18)?
16
Let g(m) = -8*m**2 - 318*m - 582. Calculate g(-35).
748
Let g(t) = -1727*t + 414422. Calculate g(240).
-58
Let d(k) = 3*k**3 - 185*k**2 + 139*k - 1117. What is d(61)?
-80
Let t(j) = -7*j**2 + 744*j + 81228. Determine t(-67).
-43
Let b(g) = -635*g + 37340. Give b(56).
1780
Let t(h) = 4*h**3 + 3*h**2 - 1251*h - 1256. Give t(-1).
-6
Let x(c) = c**3 - 7*c**2 - 93*c - 53. Give x(-10).
-823
Let i(a) = -7758*a - 131887. What is i(-17)?
-1
Let w(g) = 3740*g - 11228. Give w(3).
-8
Let k(o) = 61*o**3 + 305*o**2 - 56*o - 13. What is k(-5)?
267
Let w(o) = 30*o**2 + 22054*o + 43997. Give w(-2).
9
Let w(m) = m**3 - 9*m**2 - 1273*m + 7764. Give w(6).
18
Let g(u) = -4682*u - 1048873. Determine g(-224).
-105
Let o(c) = -c**2 - 48653*c - 17001955. Determine o(-352).
-3
Let j(c) = -4*c**2 - 418*c - 8748. What is j(-29)?
10
Let h(p) = 2*p**2 + 2500*p - 25224. Determine h(10).
-24
Let x(m) = -m**2 + 11025*m + 1337399. Give x(-120).
-1
Let s(z) = -8*z**3 + 73*z**2 + 82*z - 89. What is s(10)?
31
Let n(o) = -o**3 - 124*o**2 - 155*o - 830. Calculate n(-123).
3106
Let n(i) = 209*i + 3265. Determine n(-25).
-1960
Let v(w) = -12265*w + 122666. What is v(10)?
16
Let k(a) = 69*a + 4390. Give k(-83).
-1337
Let f(s) = -519*s**2 + 22323*s - 234. Give f(43).
24
Let z(x) = -5*x**2 + 99*x + 118. Determine z(0).
118
Let w(j) = -j**2 - 2601*j + 39309. What is w(15)?
69
Let b(f) = 15265*f - 30931. Give b(2).
-401
Let a(s) = -s**2 + 569*s - 40342. Determine a(486).
-4
Let u(q) = -225020*q**2 + 1350112*q - 8. Determine u(6).
-56
Let v(t) = -4*t**2 + 147*t - 480. Calculate v(51).
-3387
Let u(s) = -198233*s - 3369962. Give u(-17).
-1
Let b(t) = -35*t**3 + 1647*t**2 - 85*t - 403. Give b(47).
20
Let g(x) = x**2 + 251*x + 16050. What is g(-135)?
390
Let w(t) = -3*t**3 + 396*t**2 + 2954*t - 4870. Determine w(139).
-5
Let i(j) = -6*j**2 - 14133*j + 27. Give i(0).
27
Let r(w) = -w**2 - 61*w - 1724. Calculate r(-33).
-800
Let v(z) = 24*z**2 + 6612*z - 9961. Give v(-277).
11
Let h(p) = 383*p - 12592. Give h(31).
-719
Let g(z) = 665966*z + 665915. Calculate g(-1).
-51
Let y(z) = -4177*z - 37574. Give y(-9).
19
Let a(s) = -1013*s - 4996. What is a(-6)?
1082
Let n(y) = 27745*y - 55590. Give n(2).
-100
Let l(q) = q**3 + 368*q**2 - 5823*q - 2012531. Determine l(-369).
-5
Let k(f) = 508*f**3 + 491*f**2 - f. Calculate k(-1).
-16
Let s(g) = 907*g + 113386. Determine s(-125).
11
Let y(v) = 1022*v + 4896. Give y(-4).
808
Let z(f) = f**3 - 264*f**2 + 474*f + 13111. What is z(262)?
11
Let w(s) = 14526*s + 87166. Give w(-6).
10
Let n(t) = -t**3 - 15*t**2 + 6292*t + 63508. What is n(-10)?
88
Let y(k) = 1207*k - 400742. Give y(332).
-18
Let i(s) = 86841*s - 173678. Give i(2).
4
Let j(m) = 9652*m + 637019. What is j(-66)?
-13
Let z(n) = -164*n + 17964. Determine z(104).
908
Let f(l) = 2403*l + 48021. Give f(-20).
-39
Let g(b) = -10*b**2 - 789*b + 24680. What is g(24)?
-16
Let d(q) = -70*q**2 - 270*q + 798. Give d(3).
-642
Let v(f) = -f**3 - 7*f**2 - 2504*f - 9968. What is v(-4)?
0
Let q(k) = 33*k - 2966. What is q(90)?
4
Let l(g) = 11352233*g - 56761165.